{"id":9,"date":"2013-01-29T17:12:03","date_gmt":"2013-01-29T15:12:03","guid":{"rendered":"http:\/\/www.psteel.sk\/?page_id=9"},"modified":"2023-04-03T14:47:56","modified_gmt":"2023-04-03T13:47:56","slug":"kontakt","status":"publish","type":"page","link":"https:\/\/www.psteel.sk\/?page_id=9","title":{"rendered":"Kontakt"},"content":{"rendered":"\n<p><\/p>\n\n\n\n<div class=\"wp-block-columns is-layout-flex wp-container-3\">\n<div class=\"wp-block-column is-layout-flow\">\n<p><strong>SPOLO\u010cNOS\u0164<\/strong><\/p>\n\n\n\n<p>P-STEEL, s.r.o.<\/p>\n\n\n\n<p>\u017dilinsk\u00e1 1\u00a0\u00a0\u00a0<\/p>\n\n\n\n<p>040 11\u00a0 Ko\u0161ice\u00a0\u00a0<\/p>\n<\/div>\n\n\n\n<div class=\"wp-block-column is-layout-flow\">\n<p><strong>PREV\u00c1DZKA<\/strong><\/p>\n\n\n\n<p>Zariadenie na zhodnocovanie odpadov<\/p>\n\n\n\n<p>Magnezit\u00e1rska ul.<\/p>\n\n\n\n<p>040 13 Ko\u0161ice<\/p>\n<\/div>\n<\/div>\n\n\n\n<hr class=\"wp-block-separator has-alpha-channel-opacity\"\/>\n\n\n\n<p class=\"has-text-align-center\">I\u010cO: 45 360 286<\/p>\n\n\n\n<p class=\"has-text-align-center\">I\u010c DPH: SK202 295 3812<\/p>\n\n\n\n<p class=\"has-text-align-center\">Mobil: +421 905 900 388<\/p>\n\n\n\n<p class=\"has-text-align-center\">email: <a href=\"mailto:prpsteel@gmail.com\">prpsteel@gmail.com<\/a><\/p>\n","protected":false},"excerpt":{"rendered":"<p>SPOLO\u010cNOS\u0164 P-STEEL, s.r.o. \u017dilinsk\u00e1 1\u00a0\u00a0\u00a0 040 11\u00a0 Ko\u0161ice\u00a0\u00a0 PREV\u00c1DZKA Zariadenie na zhodnocovanie odpadov Magnezit\u00e1rska ul. 040 13 Ko\u0161ice I\u010cO: 45 360 286 I\u010c DPH: SK202 [&hellip;]<\/p>\n","protected":false},"author":1,"featured_media":0,"parent":0,"menu_order":1,"comment_status":"closed","ping_status":"closed","template":"","meta":[],"_links":{"self":[{"href":"https:\/\/www.psteel.sk\/index.php?rest_route=\/wp\/v2\/pages\/9"}],"collection":[{"href":"https:\/\/www.psteel.sk\/index.php?rest_route=\/wp\/v2\/pages"}],"about":[{"href":"https:\/\/www.psteel.sk\/index.php?rest_route=\/wp\/v2\/types\/page"}],"author":[{"embeddable":true,"href":"https:\/\/www.psteel.sk\/index.php?rest_route=\/wp\/v2\/users\/1"}],"replies":[{"embeddable":true,"href":"https:\/\/www.psteel.sk\/index.php?rest_route=%2Fwp%2Fv2%2Fcomments&post=9"}],"version-history":[{"count":22,"href":"https:\/\/www.psteel.sk\/index.php?rest_route=\/wp\/v2\/pages\/9\/revisions"}],"predecessor-version":[{"id":85,"href":"https:\/\/www.psteel.sk\/index.php?rest_route=\/wp\/v2\/pages\/9\/revisions\/85"}],"wp:attachment":[{"href":"https:\/\/www.psteel.sk\/index.php?rest_route=%2Fwp%2Fv2%2Fmedia&parent=9"}],"curies":[{"name":"wp","href":"https:\/\/api.w.org\/{rel}","templated":true}]}}